{"id":30,"date":"2021-01-29T16:45:28","date_gmt":"2021-01-29T15:45:28","guid":{"rendered":"http:\/\/librairie.abmci.com\/index.php\/produit\/import-placeholder-for-3780\/"},"modified":"2021-06-16T22:58:04","modified_gmt":"2021-06-16T20:58:04","slug":"devenir-la-meilleur-version-de-soi-alexandre-amazou-2","status":"publish","type":"product","link":"https:\/\/librairie.abmci.com\/index.php\/produit\/devenir-la-meilleur-version-de-soi-alexandre-amazou-2\/","title":{"rendered":"DEVENIR LA MEILLEUR VERSION DE SOI | ALEXANDRE AMAZOU"},"content":{"rendered":"<p><img loading=\"lazy\" decoding=\"async\" class=\" wp-image-3312 alignleft\" src=\"http:\/\/abmci.com\/wp-content\/uploads\/2019\/10\/cover-devenir-212x300.png\" alt=\"\" width=\"95\" height=\"134\" \/> R\u00e9ussir c&rsquo;est \u00eatre ce que Dieu veut que nous soyons et faire ce que qu&rsquo;il veut que nous fassions. C&rsquo;est le vrai barom\u00e8tre de la r\u00e9ussite d&rsquo;un homme. Votre vie est singuli\u00e8re. Vous n\u2019\u00eates personne d&rsquo;autre que vous m\u00eame, vous \u00eates unique en votre genre. S&rsquo;il y&rsquo;a quelqu&rsquo;un \u00e0 qui vous devez vous comparer dans la comp\u00e9tition, c&rsquo;est \u00e0 vous m\u00eame. vous devez comp\u00e9tir avec vous m\u00eame et non avec votre voisin, encore moins avec votre coll\u00e8gue. c&rsquo;est pourquoi, seul un engagement r\u00e9solu vous conduira \u00e0 devenir la meilleure version de vous.<\/p>\n","protected":false},"excerpt":{"rendered":"<p>R\u00e9ussir c&rsquo;est \u00eatre ce que Dieu veut que nous soyons et faire ce que qu&rsquo;il veut que nous fassions. C&rsquo;est le vrai barom\u00e8tre de la r\u00e9ussite d&rsquo;un homme. Votre vie est singuli\u00e8re. Vous n\u2019\u00eates personne d&rsquo;autre que vous m\u00eame, vous \u00eates unique en votre genre. S&rsquo;il y&rsquo;a quelqu&rsquo;un \u00e0 qui vous devez vous comparer dans la comp\u00e9tition, c&rsquo;est \u00e0 vous m\u00eame. vous devez comp\u00e9tir avec vous m\u00eame et non avec votre voisin, encore moins avec votre coll\u00e8gue. c&rsquo;est pourquoi, seul un engagement r\u00e9solu vous conduira \u00e0 devenir la meilleure version de vous.<\/p>\n","protected":false},"featured_media":57,"comment_status":"open","ping_status":"closed","template":"","meta":{"_et_pb_use_builder":"","_et_pb_old_content":"","_et_gb_content_width":""},"product_cat":[15],"product_tag":[],"class_list":["post-30","product","type-product","status-publish","has-post-thumbnail","hentry","product_cat-livre"],"_links":{"self":[{"href":"https:\/\/librairie.abmci.com\/index.php\/wp-json\/wp\/v2\/product\/30","targetHints":{"allow":["GET"]}}],"collection":[{"href":"https:\/\/librairie.abmci.com\/index.php\/wp-json\/wp\/v2\/product"}],"about":[{"href":"https:\/\/librairie.abmci.com\/index.php\/wp-json\/wp\/v2\/types\/product"}],"replies":[{"embeddable":true,"href":"https:\/\/librairie.abmci.com\/index.php\/wp-json\/wp\/v2\/comments?post=30"}],"wp:featuredmedia":[{"embeddable":true,"href":"https:\/\/librairie.abmci.com\/index.php\/wp-json\/wp\/v2\/media\/57"}],"wp:attachment":[{"href":"https:\/\/librairie.abmci.com\/index.php\/wp-json\/wp\/v2\/media?parent=30"}],"wp:term":[{"taxonomy":"product_cat","embeddable":true,"href":"https:\/\/librairie.abmci.com\/index.php\/wp-json\/wp\/v2\/product_cat?post=30"},{"taxonomy":"product_tag","embeddable":true,"href":"https:\/\/librairie.abmci.com\/index.php\/wp-json\/wp\/v2\/product_tag?post=30"}],"curies":[{"name":"wp","href":"https:\/\/api.w.org\/{rel}","templated":true}]}}